
Suppose 9*t = 14*t - 80. Let q(u) = -u**2 + 17*u + 9. What are the prime factors of q(t)?
5
Let d be 14/(-7) + (1 - 6). What are the prime factors of (-188)/(-28) + (-2)/d?
7
Let s(o) = 5*o - 1. What are the prime factors of s(7)?
2, 17
Suppose 0*q = 3*q + 24. Let u = -6 - q. Suppose -3*x - 5*k + 4*k + 15 = 0, -u = x - 2*k. What are the prime factors of x?
2
Let h(d) = -d**3 + 3*d + 1. Suppose 3 = -4*u + 3*q - 5, -3*q = 3*u + 6. Let w be h(u). Let n(k) = k**2 - 2*k + 3. What are the prime factors of n(w)?
2, 3
Suppose -4*i - 4*b = 36, -4*i + b = -i + 15. Let q = i - -16. List the prime factors of q.
2, 5
Let k(v) = -2*v**2 + 14*v - 8. What are the prime factors of k(6)?
2
Let u = 10 - 8. Suppose 0 = -3*c + 4*c - u. Suppose 0 = c*v + 4*d - 22, 2*v + 0*v - 46 = 2*d. What are the prime factors of v?
19
Let n(u) = 3*u**2 - 2 - 9*u - 3*u**2 - u**2 - 4. Let l = 10 + -15. List the prime factors of n(l).
2, 7
List the prime factors of (24/(-84))/(2/(-602)).
2, 43
Let n = 38 - 113. Let g = -45 - n. List the prime factors of g.
2, 3, 5
Let q(f) = -4*f - 2 + 3*f + 3*f**2 + 2. What are the prime factors of q(-2)?
2, 7
Suppose 2*q + 0*q + 18 = -3*l, -3*l = 3*q + 27. Suppose d = 4 - 3. What are the prime factors of (3/q)/(d/(-27))?
3
Let t = -151 + 381. What are the prime factors of t?
2, 5, 23
Let g(o) = 8*o + 2. List the prime factors of g(2).
2, 3
Let n(b) = -5*b - 1. Let t be n(4). Let o be 10*(t/(-6) - 1). What are the prime factors of 60/o*10/4?
2, 3
Let i = 3 + 1. Suppose -2*t + 2*x = 4, 4 = i*t + x + x. Suppose 6*b - 25 = 3*b + 4*g, t = -4*b + 5*g + 33. List the prime factors of b.
7
Let p(t) be the second derivative of -t**3/6 - 3*t**2/2 - t. Let u be p(-3). Suppose -f - 3*w = -2*w - 11, u = 5*f + 4*w - 50. List the prime factors of f.
2, 3
Suppose -25 = -4*w - 5. Suppose w*p - 5*c - 30 = 0, 2*p + 5*c - 60 = -2*p. Suppose 0 = -6*o + o + p. What are the prime factors of o?
2
Let t(f) = 3*f**2 - 8*f + 11. Suppose -b = 2*y - 7, -3*y + 3*b = 8*b. List the prime factors of t(y).
2, 23
Let d = 2 + 2. What are the prime factors of 1 + d + (4 - 6)?
3
Suppose -2 = -3*m + 7. Suppose -65 = -m*x - 17. What are the prime factors of x?
2
Suppose -u + z = -19, -5*u + 8*u + 3*z = 39. Suppose 4*j + u = 0, 5*j - 16 = -4*h + 44. List the prime factors of h.
2, 5
Suppose -x - 4*r = -0*x + 18, x - r = 2. What are the prime factors of -1 - -2*(-3)/x?
2
Suppose 5*a = 2*a + 159. What are the prime factors of a?
53
Suppose -g + 237 = 93. What are the prime factors of g?
2, 3
Let o(m) = m**3 + 5*m**2 + 2*m - 2. Suppose 5 = -l + 1. Let n be o(l). What are the prime factors of (n/4)/(15/50)?
5
Let j = 25 - 17. Let v(n) = n**3 - 9*n**2 + 9*n + 11. What are the prime factors of v(j)?
19
Let r(j) = -2*j + 101. What are the prime factors of r(0)?
101
Let z = 51 + -28. Suppose -3*g = -z + 83. Let q = g - -35. What are the prime factors of q?
3, 5
Suppose -3*l - l = 0. Suppose 2*f + 1 = 3*t, 0 = 2*f - l*f + 4*t - 20. What are the prime factors of f?
2
Suppose 2*g + x + 9 = 4*g, -11 = -2*g + 3*x. Suppose -5*b + d - 5*d = -206, -82 = -2*b - 2*d. Suppose -s - b = -g*s. What are the prime factors of s?
2, 7
Let t = -3 + 107. Suppose 0 = -3*u - u + t. What are the prime factors of u?
2, 13
Let l(f) = f**3 - 10*f**2 + 5*f - 2. Let r = -8 + 18. List the prime factors of l(r).
2, 3
Let b(z) = -z + 10. Let i be b(7). Suppose -5*g + 0 = l - 6, i*l = -4*g - 4. Let x(q) = q**3 + 5*q**2 + q - 2. What are the prime factors of x(l)?
2, 5
Let x(k) = -2*k + 3. Let u = 7 - 4. Suppose -u*j + 4 - 16 = 0. List the prime factors of x(j).
11
Let q(v) = 3*v**3 - v - 2. Let s(y) = -y. Let z be s(-3). Suppose -4 - 2 = -z*p. List the prime factors of q(p).
2, 5
Suppose 31 = 2*y - 77. Suppose -4*d + y = -122. Suppose 0*f = 2*f - d. List the prime factors of f.
2, 11
Suppose -5*i = 5*s - 70, i = -3*s - s + 5. Let u = i - 3. What are the prime factors of u?
2, 7
Let x(n) = -6*n + 1. Let a(t) = 2*t + 1. Let u be a(-1). Let p be x(u). Suppose 3*q - 4*q + p = 0. What are the prime factors of q?
7
Let w be (-120)/(-65) - 2/(-13). Let r = w - -2. What are the prime factors of r?
2
Suppose -z + 3*s + 5 + 64 = 0, -5*s = 0. What are the prime factors of z?
3, 23
Let j(g) = -9*g**3 + 7 + 10*g + 8*g**3 - 11*g**2 + 3*g**2. Let z be j(-9). List the prime factors of (-25)/(-2 + 1) + z.
23
Let n = -2 - -4. Suppose 5*j = 3*d - 0*j - 6, -5*j - 10 = -5*d. Suppose -12 = 4*v, z + 0 = -n*v - d. What are the prime factors of z?
2
Suppose z - 19 = 5*w, 4*z + 0*w - 10 = -2*w. What are the prime factors of ((-30)/z)/((-9)/24)?
2, 5
Let d = -4 - -11. Suppose 50 = -d*o + 2*o. What are the prime factors of (-46)/o - (-6)/15?
5
Let s be 44/14 + 2/(-14). Suppose 7*q - m = 2*q + 60, -3*m = q - 12. Let z = q - s. List the prime factors of z.
3
Suppose -x - 4*x = 0. Let m be -2 - (-2)/(-4)*-2. List the prime factors of (x/(-2) - 6)*m.
2, 3
Let m be (-23)/(-6) + 7/42. Suppose -t = s - 42, 79 = -m*t - s + 235. List the prime factors of t.
2, 19
Let h = -48 - -86. What are the prime factors of h?
2, 19
Let o(d) = 5*d**3 + 9*d**2 + 5*d - 7. Let y(n) = 14*n**3 + 27*n**2 + 14*n - 22. Let g(i) = 17*o(i) - 6*y(i). List the prime factors of g(9).
2, 11
Suppose i - r = -i + 12, -6 = -i - 3*r. Let y(g) = 1 + 0*g + 3*g - i*g. List the prime factors of y(-4).
13
Suppose -k - 15 = -2*d, 5*d - 15 = -4*k + 2*k. Suppose -4*p + 17 = d*o, 5*p + 5*o - 18 = 2*o. List the prime factors of (-16)/(-6) - (-1)/p.
3
Suppose -4*j + s + 93 = 0, -j + 2*s - 67 = -4*j. List the prime factors of j.
23
Let z = -5 - -16. Let d = 18 - z. What are the prime factors of d?
7
Let r = 4 + -4. Suppose 0 = h + 4*m - r - 4, -5*m - 63 = -3*h. Let p = h - 2. List the prime factors of p.
2, 7
Let t = 14 - 9. Suppose 2*j + 0 - 7 = -3*m, -4*j = t*m - 13. Let p(i) = 9*i + 1. List the prime factors of p(m).
2, 5
Suppose 12*s = 4*s + 16. What are the prime factors of s?
2
Suppose 4*z + 2 + 10 = 0. Let m be -6 - (-5 - z - 0). List the prime factors of m/2*10/(-4).
5
Let b = 1 - -3. List the prime factors of -3 + 0 + b + 1.
2
Let a(c) = c**3 + 15*c**2 - 2*c - 22. What are the prime factors of a(-15)?
2
Let r be (104/39)/(1/3). Suppose 0 = -v - r + 45. What are the prime factors of v?
37
Let p = 137 - 225. What are the prime factors of (-6)/4 + p/(-16)?
2
Let r(q) = -5*q - 48. List the prime factors of r(-14).
2, 11
Let r = 164 - 92. Let z = -27 + r. Suppose 0 = 5*a + z - 115. List the prime factors of a.
2, 7
Let l(s) = 2*s - 3. Let m be l(4). Let u be 1/(-3) + 2/6. Suppose -4*y + m*y - 3 = u. What are the prime factors of y?
3
Let t(h) = 6*h. Suppose -3*y = -1 + 4. Let d be t(y). Let q = 11 + d. What are the prime factors of q?
5
Suppose 10 = 2*l + z - 5, -l + 30 = 5*z. Suppose 2*x - 11 = l*u, -1 = -x - 4*u - 2. Suppose x*s = -s + 40. List the prime factors of s.
2, 5
Let p(f) = 71*f**2 + 5*f - 13. What are the prime factors of p(2)?
281
Suppose 3*l - 4*l - 25 = -3*a, 4*a - 5*l = 37. List the prime factors of a.
2
Let n = 275 + -165. What are the prime factors of n?
2, 5, 11
Let j = 261 - 157. List the prime factors of j.
2, 13
Let a be 5*(3/(-5) - -1). List the prime factors of (-15 - -3)/a*-4.
2, 3
Suppose 7 = 3*g - 2. List the prime factors of 2 + 4/g*9.
2, 7
Let y = 7 + -3. What are the prime factors of -3*((-80)/6)/y?
2, 5
Suppose -2*o - 296 = 2*o. Let a = o + 34. What are the prime factors of ((-9)/6)/(6/a)?
2, 5
Let j = 15 + -9. Let p = j - 2. Suppose -p*v + 2*c = v - 70, 2*v = 3*c + 39. List the prime factors of v.
2, 3
Let k be ((-22)/(-8))/(2/16). Suppose 5*w + k = 52. Let m = w + -1. List the prime factors of m.
5
Let a(w) = -w**2 + 18*w - 4. List the prime factors of a(15).
41
Suppose -s + 2*x = -10, -3*s = -2*s - 3*x - 7. List the prime factors of (-12 + s)*18/8.
3
Let t(q) = -2*q + 3*q - q**2 - 6*q. Let a be t(-5). Suppose l + a*l = 14. What are the prime factors of l?
2, 7
Suppose -3*y + 0*y = -12. Suppose -m + 70 = b + 2*b, 0 = 5*b + y*m - 105. List the prime factors of b.
5
Let l(k) = -k**2 + 12*k - 12. Let n be l(8). Suppose -2*c = -0*c - n. What are the prime factors of c?
2, 5
Suppose -5*w = -5 - 5. Let i be (-3)/(-5)*(6 + -1). Suppose -5*v - 3*h = -35, 0 = 5*v - 5*h + w + i. List the prime factors of v.
2
Let h(w) = -w**2 + 7*w - 7. What are the prime factors of h(5)?